 Let t be f/(160/12)*-8. What is the greatest common factor of t and 8?
2
Suppose -4*u = u - 10, -3 = k - u. Let z be (-2)/(k + 8/10). Suppose 3*q = 2*q + 5*j - 11, 3*q = j + 9. Calculate the highest common divisor of q and z.
2
Let t = 302 + -122. Suppose -35*d = -39*d + t. Calculate the greatest common factor of 63 and d.
9
Let m(h) = h**3 + 7*h**2 + h - 2. Suppose 2*o - 2*o + o = 0. Let f be 1/(4/(-24) + o). Let u be m(f). Calculate the highest common divisor of 4 and u.
4
Suppose 2*k + 4*y - 68 = 2, 4*y + 105 = 3*k. Let a = 455 - 464. Let c = 306 - a. What is the greatest common divisor of k and c?
35
Let a(s) = 463*s - 2263. Let d be a(5). Suppose -111 = -l - 2*w + 75, 0 = -l - w + 184. Calculate the highest common divisor of d and l.
26
Let f(w) = 2*w**2 - 23*w + 53. Let t = -126 - -136. Let y be f(t). Calculate the highest common divisor of 161 and y.
23
Let t be -3*(-28)/27 + 2/(-18). Suppose t*p - p = 26. What is the greatest common divisor of p and 13?
13
Suppose -2*b + 4*b = 164. Suppose -2*y + b + 81 = -3*g, -4*y + 5*g = -323. What is the highest common factor of 616 and y?
77
Let w = -144 + -85. Let r = -139 - w. Suppose -h = h - r. Calculate the greatest common factor of h and 9.
9
Suppose 6*o + 2*o - 24 = 0. Suppose o*k = -0*k + 6. Let u be -13 + 46 + (-2)/k. What is the highest common factor of u and 32?
32
Let c(q) = -q**3 + q**2 - 5*q + 2. Let r be c(0). Suppose -t - 5*y + 38 = 0, -112 = -r*t - 3*t + y. Calculate the highest common divisor of 3 and t.
1
Let w(z) = 4*z**3 + 10*z**2 - 22*z - 4. Let q be w(2). Suppose o - 2*t - 29 = -75, 20 = 4*t. Let n = 132 + o. What is the highest common divisor of q and n?
24
Suppose -25 = 5*a, 0 = 3*b + 70*a - 68*a - 8819. Calculate the highest common factor of 81 and b.
27
Let s be 18/8 + (-1)/4. Suppose -3*o + s*o + 65 = 0. Let q be 4*(-7 - 18/(-2)) + 288/16. Calculate the greatest common divisor of o and q.
13
Let h be 2*36*(-235578)/(-1264). What is the highest common divisor of h and 54?
27
Let g = -170 + 138. Let o be 4*g*5/(-10). Calculate the highest common divisor of o and 112.
16
Let c be (15/6)/((-16)/(-32)). Suppose c*p = 3*q + 2130, 618 = 2*p - q - 233. Calculate the highest common divisor of p and 94.
47
Suppose -o = -n - 1, -2*n - 1 = -n. Let i be 250/(-75)*6/(-5). Suppose -3*c = i*x - 28, -3*x + 20 = 2*c - o*x. What is the greatest common factor of 64 and c?
4
Let x(p) = 116*p + 6328. Let l be x(-53). Calculate the highest common factor of 576 and l.
36
Suppose 0 = -v + 4*v + 24. Let g(c) = c**2 - 12*c + 2. Let b be g(v). Let x = -17 - -35. Calculate the greatest common factor of x and b.
18
Let d be (703/57 - 14)*(-12)/10. Calculate the highest common factor of 317 and d.
1
Let j = 54 - 99. Let s be 1194/10 - ((-243)/j + -6). Calculate the highest common divisor of 300 and s.
60
Let b = -6484 + 6569. What is the highest common factor of b and 612?
17
Suppose -3*i + 6*i = -132. Let a be 1 - (2 - 1) - i. Let f(n) = 1809*n - 168226. Let z be f(93). What is the highest common divisor of z and a?
11
Let p = 13 - -179. Let t be ((-940)/8)/(-5) + (-1)/(-2). Calculate the highest common factor of p and t.
24
Let f = -187 - -320. Let u = f + -45. Let r(g) = g**3 - 31*g**2 - g + 39. Let a be r(31). What is the greatest common divisor of u and a?
8
Let o(k) = -k**3 + 20*k**2 + 2*k + 5. Let i be o(20). Suppose -8*h - i = -61. Let r(l) = -8*l. Let b be r(-2). What is the highest common factor of b and h?
2
Let t be 16 - 348/24 - 1146/(-4). Calculate the highest common factor of 180 and t.
36
Let p = 8 + -4. Let a be (-2273)/(-8) - (7 + 714/(-48) - -8). What is the highest common divisor of p and a?
4
Let x(c) = -c**3 - 5*c**2 - 86*c - 7. Let m be x(-14). Calculate the greatest common divisor of m and 376.
47
Suppose -7*d = 4*l - 11*d - 244, -2*l + 4*d = -124. Let p be ((-15)/(75/2))/((-2)/l). What is the greatest common divisor of p and 204?
12
Suppose -9*u + 78 = -210. Suppose -6*g + 20 = -g. Suppose -g*o + u = o + 2*a, -3*o = 4*a - 22. What is the greatest common factor of o and 10?
2
Let f(a) = -2*a**2 + 49*a - 3. Let h be f(24). Let z = h - -25. What is the greatest common divisor of 2 and z?
2
Let z(b) = 23*b - 14. Let i be z(3). Let o = 58 - i. Suppose 54 = 5*m - 2*n, 2*m - 5 = o*n + 21. What is the highest common factor of m and 10?
10
Suppose -3*s + 5*s + 5*y = 85, s - 59 = 3*y. Suppose -3*p + s + 28 = 0. What is the greatest common factor of p and 182?
26
Let h = 78 + 233. Let j = -266 + h. Calculate the highest common divisor of 180 and j.
45
Let v(u) = u**3 + 5*u**2 - u + 12. Let a be v(5). Let b = a + 4. What is the greatest common divisor of b and 29?
29
Suppose -60*l + 56*l + 12 = 0. Let s(d) = -1 + 158*d - 4*d**2 + 0*d**l - 4*d**3 + 2 - 157*d. Let g be s(-4). What is the greatest common factor of g and 27?
27
Suppose 224*q - 78489 = -19*q. What is the highest common factor of 95 and q?
19
Suppose 3*t = 361*l - 365*l + 1056, t = 3*l - 805. What is the highest common factor of l and 445?
89
Let l(u) be the third derivative of -u**6/120 + 2*u**5/15 + u**4/4 + 31*u**3/6 + 189*u**2 - u. Let q be l(9). What is the highest common factor of 432 and q?
4
Suppose 16252 = 4*c + 45*s - 47*s, -2*c = -3*s - 8114. What is the highest common divisor of c and 38?
38
Suppose -16*f - 36 = -548. Let l be (-7 - -88) + (8/(-2))/4. What is the greatest common factor of f and l?
16
Let t = -9 - -18. Suppose 149 = 5*s + t. Let o(k) = -k - 1. Let y be o(-5). Calculate the greatest common factor of s and y.
4
Let v = 18962 - 18866. Calculate the greatest common factor of 5064 and v.
24
Suppose -4*b = 0, -4*y + 2*b + 67 = -1. Suppose 26*l - 110 = 4*l. Calculate the highest common factor of l and y.
1
Let j = -29622 + 29781. Calculate the greatest common divisor of j and 583.
53
Let z = 7573 + -6949. What is the highest common divisor of 3536 and z?
208
Let m(n) be the third derivative of 31*n**4/24 + 7*n**3/6 + 27*n**2. Let k be 2/((-8)/6)*-6. Let z be m(k). Calculate the greatest common divisor of 26 and z.
26
Let r(m) = -m**3 + 9*m**2 + 11*m - 6. Let d be r(10). Suppose 538 + 134 = d*p. Calculate the highest common divisor of p and 42.
42
Let s be 49 + -3 + 2 + (-44)/(-4) + -8. What is the highest common divisor of 3417 and s?
51
Suppose 5*m + 5*s + 71 + 44 = 0, -4*m + 2*s = 86. Let a be m/(-6) - 4 - (-1292)/6. Calculate the highest common divisor of 129 and a.
43
Suppose 5*n + 2*b - 3*b = 14, 0 = -n + 2*b + 1. Suppose 5*z - 3*l = 25, -5*z + 5*l + 38 = n. What is the highest common factor of 4 and z?
2
Let z(p) = p + 6. Suppose -y + 19 = -3*g, -y = 5*g + 27 - 6. Let x be z(g). What is the greatest common factor of 24 and x?
1
Suppose 0 = -4*b + 1 + 15. Suppose 163 = 2*h - b*m - 11, 0 = -5*h - 5*m + 390. Suppose -h - 19 = -2*t. What is the greatest common factor of t and 25?
25
Let g = -23 - -51. Let x = 32 - g. Suppose -5*c = -2*l - 106, -x*c + 2*c - 3*l = -50. What is the highest common divisor of c and 88?
22
Suppose -292 = -2*g - 0*g. Suppose -g + 14 = -3*q. Let h = 2 + q. What is the highest common divisor of 23 and h?
23
Let v = 1178 - 1040. What is the highest common factor of v and 12?
6
Let y(h) = 2*h**3 - 3*h**2 - 2*h - 1. Let l be y(3). Suppose -150 = -3*i + 7*u - 8*u, 3*u = 0. Calculate the highest common factor of i and l.
10
Let m(j) = 300*j - 167. Let g be m(1). What is the highest common divisor of g and 722?
19
Let q be (-8)/8 + -3 + 8. Let p(g) = -g + 10. Let z be p(5). Suppose n + 5 = 5*i + 21, 39 = q*n + z*i. Calculate the highest common factor of 33 and n.
11
Let f = 26295 - 25809. What is the highest common factor of 1152 and f?
18
Let o be 1/2 + (-47)/(-2). Let b = 182 - 160. Suppose -b*v + 288 = -16*v. Calculate the highest common divisor of v and o.
24
Let t = 1638 - 923. Suppose 12*b - 581 = t. Suppose 4*o + 21 = 69. What is the highest common factor of b and o?
12
Suppose -3*x = -4*k + 133, x + 93 = -4*k + 230. Let i = -1917 - -1923. Calculate the greatest common factor of i and k.
2
Let h = 1479 - 1051. Let v = 518 - h. What is the greatest common divisor of v and 18?
18
Let x = -7249 + 7323. What is the highest common factor of 14 and x?
2
Let s(r) = r - 3. Let p be s(12). Let i = -147 + 219. Suppose i = a - 9. Calculate the greatest common factor of p and a.
9
Sup